posite?
False
Is 141397 a prime number?
True
Is 45673 composite?
False
Is 70931 prime?
False
Is 89153 a composite number?
False
Is 1070407 a prime number?
False
Is 752743 a composite number?
True
Is 16799 prime?
False
Is 292681 a composite number?
True
Is 563077 a composite number?
False
Is 56065 a prime number?
False
Is 431133 a prime number?
False
Is 72247 a composite number?
True
Is 214433 composite?
False
Is 18227 composite?
True
Is 116771 composite?
True
Is 136901 a composite number?
True
Is 132679 a prime number?
True
Is 327599 prime?
True
Is 12193 a composite number?
True
Is 380777 composite?
False
Is 218957 composite?
True
Is 6143 a prime number?
True
Is 2333 a prime number?
True
Is 62273 a composite number?
False
Is 11071 composite?
False
Is 1097 a prime number?
True
Is 120259 composite?
True
Is 4937 a composite number?
False
Is 142315 prime?
False
Is 2023383 a prime number?
False
Is 4631 composite?
True
Is 996803 a prime number?
True
Is 14995 a composite number?
True
Is 52999 composite?
False
Is 997 prime?
True
Is 2361 composite?
True
Is 88277 a composite number?
True
Is 92029 a composite number?
True
Is 5401 a composite number?
True
Is 35729 a prime number?
True
Is 222059 composite?
False
Is 6937 prime?
False
Is 862031 a prime number?
True
Is 6077 a composite number?
True
Is 11499 a composite number?
True
Is 203821 composite?
False
Is 79049 a prime number?
False
Is 6805 prime?
False
Is 301045 a prime number?
False
Is 32687 a composite number?
False
Is 4915 a composite number?
True
Is 354023 prime?
True
Is 393809 prime?
False
Is 46399 a composite number?
False
Is 8663 a composite number?
False
Is 23611 composite?
True
Is 632711 composite?
True
Is 3203 prime?
True
Is 563 composite?
False
Is 306713 prime?
False
Is 41303 a prime number?
False
Is 9527 prime?
False
Is 2291209 a composite number?
True
Is 171982 a composite number?
True
Is 82333 a composite number?
True
Is 314123 composite?
True
Is 2437 prime?
True
Is 80851 a prime number?
False
Is 60218 prime?
False
Is 106423 prime?
False
Is 2503 composite?
False
Is 16817 a composite number?
True
Is 5557 composite?
False
Is 8317 composite?
False
Is 1905247 a prime number?
True
Is 191507 a prime number?
True
Is 20257 prime?
False
Is 443 prime?
True
Is 106529 a prime number?
False
Is 112777 a prime number?
False
Is 3351 prime?
False
Is 152987 a composite number?
True
Is 4282 composite?
True
Is 24793 composite?
False
Is 84377 composite?
False
Is 79657 composite?
False
Is 4667 composite?
True
Is 5251 a prime number?
False
Is 25399 a composite number?
True
Is 2670638 a composite number?
True
Is 1426883 prime?
True
Is 54559 prime?
True
Is 89641 composite?
True
Is 24691 prime?
True
Is 689 prime?
False
Is 3261641 composite?
False
Is 130947 a composite number?
True
Is 58321 a composite number?
False
Is 113279 prime?
True
Is 10301 a composite number?
False
Is 118529 prime?
True
Is 53681 a composite number?
False
Is 2179 prime?
True
Is 10259 a composite number?
False
Is 156119 a composite number?
False
Is 2280021 a prime number?
False
Is 408281 a prime number?
False
Is 16645 a composite number?
True
Is 1357 composite?
True
Is 140977 composite?
False
Is 166778 a composite number?
True
Is 119159 a composite number?
False
Is 45481 a prime number?
True
Is 46003 a composite number?
True
Is 73987 a composite number?
True
Is 5711 a composite number?
False
Is 95341 composite?
True
Is 2675141 prime?
False
Is 1657 a prime number?
True
Is 111721 a prime number?
True
Is 37678 a prime number?
False
Is 21817 prime?
True
Is 5221 composite?
True
Is 293 a composite number?
False
Is 103001 composite?
False
Is 2237 composite?
False
Is 1232441 prime?
False
Is 9181 a composite number?
False
Is 19051 prime?
True
Is 314903 a composite number?
False
Is 42631 composite?
True
Is 6663257 a composite number?
False
Is 1417 a composite number?
True
Is 9019 prime?
False
Is 9199 composite?
False
Is 2352253 prime?
False
Is 3205 composite?
True
Is 1168393 a prime number?
False
Is 1056194 a composite number?
True
Is 557 a prime number?
True
Is 35683 prime?
False
Is 2725901 composite?
True
Is 1687261 composite?
True
Is 1274837 a prime number?
False
Is 1651 a prime number?
False
Is 78339 composite?
True
Is 42673 a prime number?
False
Is 71233 a prime number?
True
Is 5359 a composite number?
True
Is 173611 a prime number?
False
Is 3293 a prime number?
False
Is 1285 composite?
True
Is 5077 composite?
False
Is 1530863 a prime number?
True
Is 352267 a composite number?
False
Is 293 a prime number?
True
Is 440693 a composite number?
True
Is 223241 a composite number?
False
Is 26342 a prime number?
False
Is 3779 a composite number?
False
Is 1243 a prime number?
False
Is 53681 composite?
False
Is 1543 composite?
False
Is 2355747 a prime number?
False
Is 487 composite?
False
Is 90149 a composite number?
False
Is 12689 prime?
True
Is 6343 prime?
True
Is 390581 composite?
False
Is 127 a prime number?
True
Is 4441 a composite number?
False
Is 343517 composite?
False
Is 171317 a composite number?
False
Is 299639 a composite number?
True
Is 913 a composite number?
True
Is 3959 composite?
True
Is 184919 prime?
False
Is 2054789 a prime number?
False
Is 243259 a composite number?
False
Is 123887 composite?
False
Is 6469 prime?
True
Is 27957 a prime number?
False
Is 15091 a prime number?
True
Is 33833 composite?
True
Is 548557 a prime number?
True
Is 78521 composite?
True
Is 19937 a prime number?
True
Is 1273 composite?
True
Is 73561 composite?
False
Is 592793 composite?
False
Is 355267 prime?
False
Is 6238 prime?
False
Is 923093 a composite number?
True
Is 7621 prime?
True
Is 1142597 composite?
True
Is 24317 a composite number?
False
Is 2815 a prime number?
False
Is 94201 a composite number?
False
Is 49103 composite?
False
Is 14853 composite?
True
Is 4703 a composite number?
False
Is 1540607 a composite number?
True
Is 1537 composite?
True
Is 2195 composite?
True
Is 4889 composite?
False
Is 375341 prime?
True
Is 28781 prime?
False
Is 18697 prime?
False
Is 2572529 a composite number?
False
Is 22343 a composite number?
False
Is 4718927 prime?
True
Is 451859 prime?
True
Is 22069 a composite number?
True
Is 3567631 a prime number?
True
Is 19919 composite?
False
Is 1175099 composite?
False
Is 14051 composite?
False
Is 557417 a prime number?
False
Is 3002885 a composite number?
True
Is 15161 a composite number?
False
Is 4835 composite?
True
Is 256019 a composite number?
False
Is 228667 a composite number?
True
Is 138841 a prime number?
True
Is 60983 a prime number?
False
Is 17519 prime?
True
Is 456637 a prime number?
False
Is 19069 prime?
True
Is 9871 composite?
False
Is 158843 a composite number?
False
Is 7829 a composite number?
False
Is 12497 prime?
True
Is 111029 composite?
False
Is 92447 composite?
True
Is 77299 a prime number?
False
Is 5873 a composite number?
True
Is 217439 composite?
False
Is 162499 prime?
True
Is 136043 composite?
False
Is 258259 prime?
False
Is 1186 a composite number?
True
Is 1401083 prime?
True
Is 6385 prime?
False
Is 241413 prime?
False
Is 243371 a composite number?
True
Is 35863 a composite number?
False
Is 3691 a prime number?
True
Is 26903 a prime number?
True
Is 53569 prime?
True
Is 13901 prime?
True
Is 1402 a prime number?
False
Is 4216117 composite?
False
Is 44417 composite?
False
Is 95527 prime?
True
Is 298513 a prime number?
True
Is 1590893 composite?
False
Is 211369 composite?
False
Is 5671 composite?
True
Is 20611 composite?
False
Is 7393 prime?
True
Is 7249 composite?
True
Is 28151 a prime number?
True
Is 4201 a prime number?
True
Is 458741 a prime number?
False
Is 6803 composite?
False
Is 329201 composite?
False
Is 308787 composite?
True
Is 1125797 a prime number?
True
Is 11444461 a composite number?
True
Is 11299 composite?
False
Is 40735 composite?
True
Is 90385 prime?
False
Is 2353 prime?
False
Is 67501 a composite number?
True
Is 3914039 a prime number?
False
Is 162473 a prime number?
True
Is 1340281 composite?
False
Is 317365 composite?
True
Is 826867 a composite number?
False
Is 8285 a prime number?
False
Is 1361 composite?
False
Is 67243 a composite number?
True
Is 2234899 a composite number?
False
Is 2767 composite?
False
Is 84379 composite?
True
Is 10847 a prime number?
True
Is 46333 a prime number?
Fal